ands digit of 301137134?
3
What is the units digit of 933215424?
4
What is the hundreds digit of 158779960?
9
What is the units digit of 2548506604?
4
What is the ten millions digit of 3436475818?
3
What is the tens digit of 475266086?
8
What is the millions digit of 3670136503?
0
What is the thousands digit of 30056539?
6
What is the ten millions digit of 67021737?
6
What is the millions digit of 7039420392?
9
What is the hundred thousands digit of 3859064265?
0
What is the ten millions digit of 50728537?
5
What is the millions digit of 136035253?
6
What is the hundreds digit of 89082680?
6
What is the units digit of 36503273?
3
What is the thousands digit of 2959601204?
1
What is the hundred millions digit of 781038640?
7
What is the hundred thousands digit of 9152279?
1
What is the units digit of 159036104?
4
What is the hundred thousands digit of 48783868?
7
What is the hundred thousands digit of 46520881?
5
What is the thousands digit of 44603590?
3
What is the hundred millions digit of 453309743?
4
What is the hundred millions digit of 167228504?
1
What is the hundred thousands digit of 69831785?
8
What is the billions digit of 1802063442?
1
What is the ten thousands digit of 189214418?
1
What is the millions digit of 90687989?
0
What is the tens digit of 14675911?
1
What is the millions digit of 70883110?
0
What is the millions digit of 10724681?
0
What is the hundreds digit of 969847543?
5
What is the units digit of 10768304?
4
What is the ten thousands digit of 167942874?
4
What is the hundred thousands digit of 11988124?
9
What is the millions digit of 14127472?
4
What is the ten millions digit of 93162734?
9
What is the millions digit of 6794496876?
4
What is the ten millions digit of 1194340735?
9
What is the hundreds digit of 35088593?
5
What is the thousands digit of 832944917?
4
What is the ten millions digit of 52832352?
5
What is the ten millions digit of 1541468688?
4
What is the units digit of 82763827?
7
What is the ten millions digit of 99854152?
9
What is the hundred thousands digit of 46332327?
3
What is the ten thousands digit of 700752286?
5
What is the thousands digit of 257127431?
7
What is the tens digit of 487041251?
5
What is the units digit of 551615048?
8
What is the ten millions digit of 24340635?
2
What is the thousands digit of 510989045?
9
What is the thousands digit of 108130993?
0
What is the tens digit of 171631330?
3
What is the units digit of 31166140?
0
What is the millions digit of 34789606?
4
What is the thousands digit of 14129081?
9
What is the hundreds digit of 89999531?
5
What is the thousands digit of 96274167?
4
What is the ten millions digit of 120026722?
2
What is the hundred millions digit of 3383893094?
3
What is the hundred millions digit of 4514256660?
5
What is the units digit of 47051963?
3
What is the ten millions digit of 3469053135?
6
What is the hundreds digit of 1051250654?
6
What is the ten millions digit of 570824960?
7
What is the ten millions digit of 443245847?
4
What is the ten millions digit of 202390803?
0
What is the ten millions digit of 35418492?
3
What is the ten thousands digit of 4714872?
1
What is the thousands digit of 420578055?
8
What is the hundred thousands digit of 506307476?
3
What is the thousands digit of 4430798781?
8
What is the millions digit of 276478033?
6
What is the units digit of 320573647?
7
What is the thousands digit of 477348377?
8
What is the ten millions digit of 545903777?
4
What is the millions digit of 10363169?
0
What is the ten millions digit of 2346211364?
4
What is the ten thousands digit of 1574324710?
2
What is the thousands digit of 253732051?
2
What is the hundreds digit of 280356257?
2
What is the units digit of 275521933?
3
What is the hundreds digit of 161611025?
0
What is the ten millions digit of 2023163951?
2
What is the millions digit of 104287860?
4
What is the millions digit of 79729146?
9
What is the tens digit of 63534843?
4
What is the tens digit of 103398069?
6
What is the ten millions digit of 232620739?
3
What is the hundred millions digit of 752832646?
7
What is the thousands digit of 35698593?
8
What is the hundred millions digit of 1189245311?
1
What is the thousands digit of 595322788?
2
What is the millions digit of 484965392?
4
What is the ten millions digit of 34974826?
3
What is the ten millions digit of 158261028?
5
What is the ten thousands digit of 837127920?
2
What is the hundreds digit of 596152927?
9
What is the tens digit of 1757536608?
0
What is the tens digit of 37759920?
2
What is the ten millions digit of 82772996?
8
What is the hundred thousands digit of 922780997?
7
What is the hundred millions digit of 304949599?
3
What is the ten millions digit of 4907434595?
0
What is the millions digit of 354285608?
4
What is the millions digit of 156287759?
6
What is the ten millions digit of 5430485227?
3
What is the millions digit of 97538118?
7
What is the tens digit of 350009770?
7
What is the hundreds digit of 536105650?
6
What is the units digit of 385671819?
9
What is the hundreds digit of 1787511800?
8
What is the ten millions digit of 91023334?
9
What is the ten millions digit of 75902058?
7
What is the hundred thousands digit of 1924283628?
2
What is the tens digit of 32447163?
6
What is the units digit of 378733960?
0
What is the hundred millions digit of 105276631?
1
What is the thousands digit of 64797238?
7
What is the ten millions digit of 38153559?
3
What is the ten thousands digit of 1111554314?
5
What is the ten millions digit of 51167687?
5
What is the ten thousands digit of 35463740?
6
What is the ten thousands digit of 1135290340?
9
What is the billions digit of 2765923956?
2
What is the units digit of 3926362159?
9
What is the hundred millions digit of 1358754459?
3
What is the hundred millions digit of 1647449246?
6
What is the hundred thousands digit of 288554432?
5
What is the millions digit of 481845834?
1
What is the hundred millions digit of 222612190?
2
What is the ten millions digit of 2252661425?
5
What is the tens digit of 58030538?
3
What is the ten millions digit of 371817930?
7
What is the hundred thousands digit of 367582423?
5
What is the units digit of 51154531?
1
What is the hundreds digit of 451259788?
7
What is the tens digit of 348317185?
8
What is the thousands digit of 811309841?
9
What is the ten thousands digit of 398438307?
3
What is the ten millions digit of 66623932?
6
What is the thousands digit of 154050225?
0
What is the hundred millions digit of 239321883?
2
What is the ten millions digit of 408496711?
0
What is the ten thousands digit of 125048020?
4
What is the hundreds digit of 517639429?
4
What is the hundred millions digit of 662165343?
6
What is the units digit of 398357446?
6
What is the hundred millions digit of 873270643?
8
What is the ten thousands digit of 33667247?
6
What is the units digit of 2266232261?
1
What is the units digit of 43314141?
1
What is the hundred thousands digit of 101123675?
1
What is the ten thousands digit of 986428571?
2
What is the hundreds digit of 25522912?
9
What is the ten millions digit of 66634202?
6
What is the ten thousands digit of 159956794?
5
What is the millions digit of 3670859411?
0
What is the thousands digit of 2799783004?
3
What is the millions digit of 139857220?
9
What is the units digit of 58549702?
2
What is the units digit of 21252869?
9
What is the hundred thousands digit of 1558758486?
7
What is the billions digit of 1461524487?
1
What is the billions digit of 3658793775?
3
What is the thousands digit of 932948740?
8
What is the ten millions digit of 62199330?
6
What is the units digit of 11582443?
3
What is the thousands digit of 203323680?
3
What is the hundreds digit of 243113096?
0
What is the millions digit of 516395920?
6
What is the tens digit of 17848770?
7
What is the hundred thousands digit of 5756959?
7
What is the ten millions digit of 384774372?
8
What is the hundreds digit of 2819914481?
4
What is the thousands digit of 231887524?
7
What is the thousands digit of 871828127?
8
What is the tens digit of 48846392?
9
What is the thousands digit of 274266936?
6
What is the thousands digit of 1707568439?
8
What is the hundreds digit of 955255034?
0
What is the ten millions digit of 2413